{"id":46,"date":"2013-04-06T20:26:43","date_gmt":"2013-04-06T18:26:43","guid":{"rendered":"http:\/\/festivisuel.com\/new\/?page_id=46"},"modified":"2021-12-15T12:44:40","modified_gmt":"2021-12-15T11:44:40","slug":"streaming-video","status":"publish","type":"page","link":"https:\/\/www.festivisuel.com\/new\/services\/streaming-video\/","title":{"rendered":"Streaming vid\u00e9o live"},"content":{"rendered":"<p>Gr\u00e2ce \u00e0 notre service de diffusion vid\u00e9o en <strong><span style=\"color: #ff0000;\">streaming live <\/span><\/strong>sur internet, votre\u00a0\u00e9v\u00e9nement\u00a0devient accessible partout \u00e0 travers le monde.<\/p>\n<p>Nous sommes en mesure de diffuser en simultan\u00e9 sur de multiples plateformes via notre service de redistribution de flux s\u00e9curis\u00e9.<\/p>\n<p>Le flux est encod\u00e9 de mani\u00e8re redond\u00e9e vers notre plateforme (via une liaison filaire principale et 4G aggr\u00e9g\u00e9e en backup par exemple) puis celui-ci est redistribu\u00e9 vers les diff\u00e9rentes plateformes (Youtube, Facebook Live, Vimeo Twitch, Linkedin, Dailymotion).<\/p>\n<p><span style=\"font-size: 13px; line-height: 19px;\">Le flux vid\u00e9o est compatible avec tous les \u00e9quipements actuels\u00a0: PC \/ Mac \/ Tablettes (Ipad, Android) \/ Smartphones (Iphone, Android), l<\/span><span style=\"font-size: 13px; line-height: 19px;\">e lecteur vid\u00e9o d\u00e9tecte automatiquement la qualit\u00e9 de la connexion et se connecte au flux le plus appropri\u00e9 (1080p, 720p, 360p, 240p)<\/span><\/p>\n<p><span style=\"font-size: 13px; line-height: 19px;\">\u00a0<\/span><img fetchpriority=\"high\" decoding=\"async\" class=\"alignnone wp-image-422\" src=\"http:\/\/festivisuel.com\/new\/wp-content\/uploads\/2013\/04\/stream1.png\" alt=\"stream1\" width=\"350\" height=\"197\" srcset=\"https:\/\/www.festivisuel.com\/new\/wp-content\/uploads\/2013\/04\/stream1.png 350w, https:\/\/www.festivisuel.com\/new\/wp-content\/uploads\/2013\/04\/stream1-300x168.png 300w\" sizes=\"(max-width: 350px) 100vw, 350px\" \/><img decoding=\"async\" class=\"alignnone wp-image-423\" style=\"font-size: 13px; line-height: 19px;\" src=\"http:\/\/festivisuel.com\/new\/wp-content\/uploads\/2013\/04\/stream2.png\" alt=\"stream2\" width=\"350\" height=\"197\" srcset=\"https:\/\/www.festivisuel.com\/new\/wp-content\/uploads\/2013\/04\/stream2.png 350w, https:\/\/www.festivisuel.com\/new\/wp-content\/uploads\/2013\/04\/stream2-300x168.png 300w\" sizes=\"(max-width: 350px) 100vw, 350px\" \/><img decoding=\"async\" class=\"alignnone wp-image-424\" src=\"http:\/\/festivisuel.com\/new\/wp-content\/uploads\/2013\/04\/stream3.png\" alt=\"stream3\" width=\"350\" height=\"197\" srcset=\"https:\/\/www.festivisuel.com\/new\/wp-content\/uploads\/2013\/04\/stream3.png 350w, https:\/\/www.festivisuel.com\/new\/wp-content\/uploads\/2013\/04\/stream3-300x168.png 300w\" sizes=\"(max-width: 350px) 100vw, 350px\" \/><span style=\"font-size: 13px; line-height: 19px;\">\u00a0<\/span><\/p>\n","protected":false},"excerpt":{"rendered":"<p>Gr\u00e2ce \u00e0 notre service de diffusion vid\u00e9o en streaming live sur internet, votre\u00a0\u00e9v\u00e9nement\u00a0devient accessible partout \u00e0 travers le monde. Nous sommes en mesure de diffuser en simultan\u00e9 sur de multiples plateformes via notre service de redistribution de flux s\u00e9curis\u00e9. Le flux est encod\u00e9 de mani\u00e8re redond\u00e9e vers notre plateforme (via une liaison filaire principale et<\/p>\n","protected":false},"author":1,"featured_media":423,"parent":49,"menu_order":0,"comment_status":"closed","ping_status":"closed","template":"","meta":{"footnotes":""},"class_list":["post-46","page","type-page","status-publish","has-post-thumbnail","hentry"],"aioseo_notices":[],"_links":{"self":[{"href":"https:\/\/www.festivisuel.com\/new\/wp-json\/wp\/v2\/pages\/46","targetHints":{"allow":["GET"]}}],"collection":[{"href":"https:\/\/www.festivisuel.com\/new\/wp-json\/wp\/v2\/pages"}],"about":[{"href":"https:\/\/www.festivisuel.com\/new\/wp-json\/wp\/v2\/types\/page"}],"author":[{"embeddable":true,"href":"https:\/\/www.festivisuel.com\/new\/wp-json\/wp\/v2\/users\/1"}],"replies":[{"embeddable":true,"href":"https:\/\/www.festivisuel.com\/new\/wp-json\/wp\/v2\/comments?post=46"}],"version-history":[{"count":34,"href":"https:\/\/www.festivisuel.com\/new\/wp-json\/wp\/v2\/pages\/46\/revisions"}],"predecessor-version":[{"id":10139,"href":"https:\/\/www.festivisuel.com\/new\/wp-json\/wp\/v2\/pages\/46\/revisions\/10139"}],"up":[{"embeddable":true,"href":"https:\/\/www.festivisuel.com\/new\/wp-json\/wp\/v2\/pages\/49"}],"wp:featuredmedia":[{"embeddable":true,"href":"https:\/\/www.festivisuel.com\/new\/wp-json\/wp\/v2\/media\/423"}],"wp:attachment":[{"href":"https:\/\/www.festivisuel.com\/new\/wp-json\/wp\/v2\/media?parent=46"}],"curies":[{"name":"wp","href":"https:\/\/api.w.org\/{rel}","templated":true}]}}